a prime number?
False
Is 19417 composite?
False
Is 2579 a prime number?
True
Is 541103 a composite number?
True
Is 591 prime?
False
Is 104399 composite?
False
Is 62753 a prime number?
True
Is 5809 a prime number?
False
Is 23 a composite number?
False
Is 6469 a prime number?
True
Is 2671 a composite number?
False
Is 473923 composite?
False
Is 232259 composite?
False
Is 150141 a prime number?
False
Is 732923 prime?
True
Is 11027 composite?
False
Is 1166309 composite?
True
Is 683231 composite?
False
Is 254461 prime?
True
Is 36193 a prime number?
False
Is 222419 composite?
False
Is 1003433 prime?
True
Is 18391 a composite number?
True
Is 38351 a composite number?
False
Is 58933 a composite number?
True
Is 6193 prime?
False
Is 385663 a prime number?
True
Is 141743 a composite number?
True
Is 1217 a prime number?
True
Is 2444313 a prime number?
False
Is 21241 a prime number?
False
Is 264119 a prime number?
False
Is 6899 composite?
False
Is 62771 composite?
True
Is 771389 prime?
True
Is 33149 a prime number?
True
Is 4271 composite?
False
Is 641 a composite number?
False
Is 19641 a prime number?
False
Is 63913 composite?
False
Is 8088493 a composite number?
True
Is 168247 a prime number?
True
Is 8251 composite?
True
Is 37033 a prime number?
False
Is 8887 a composite number?
False
Is 328007 a composite number?
False
Is 25969 composite?
False
Is 2484817 a composite number?
True
Is 37817 a prime number?
False
Is 53349 prime?
False
Is 1456681 composite?
True
Is 99569 a prime number?
False
Is 586673 a prime number?
False
Is 1847 a prime number?
True
Is 71593 a prime number?
True
Is 1259 prime?
True
Is 128434 a composite number?
True
Is 97981 a composite number?
True
Is 54163 a composite number?
False
Is 53743 a prime number?
False
Is 28345 prime?
False
Is 7051 composite?
True
Is 18433 composite?
False
Is 13303 a prime number?
False
Is 12895 prime?
False
Is 741701 prime?
False
Is 2053 prime?
True
Is 704135 composite?
True
Is 56983 a prime number?
True
Is 931621 a prime number?
True
Is 37667 prime?
False
Is 8033 prime?
False
Is 30361 a composite number?
True
Is 445579 a composite number?
True
Is 717397 prime?
True
Is 25337 prime?
False
Is 901421 a prime number?
False
Is 12841 a prime number?
True
Is 484457 a composite number?
False
Is 1623 prime?
False
Is 19007 a composite number?
True
Is 1012961 a composite number?
True
Is 2429 prime?
False
Is 1731 a prime number?
False
Is 7219 a prime number?
True
Is 26549 a composite number?
True
Is 44507 prime?
True
Is 24169 a prime number?
True
Is 7993 composite?
False
Is 507029 a prime number?
True
Is 45403 a composite number?
False
Is 5749 prime?
True
Is 505 composite?
True
Is 842021 a composite number?
False
Is 2033 a composite number?
True
Is 250169 composite?
False
Is 219353 a prime number?
True
Is 15853 composite?
True
Is 22961 a prime number?
True
Is 5897 composite?
False
Is 31219 composite?
False
Is 530969 a composite number?
False
Is 7789 prime?
True
Is 3547 prime?
True
Is 16787 composite?
False
Is 4889 prime?
True
Is 391709 composite?
True
Is 205 a prime number?
False
Is 3109 composite?
False
Is 103331 a composite number?
True
Is 1333253 a prime number?
True
Is 137321 a composite number?
False
Is 182813 a prime number?
True
Is 81451 prime?
False
Is 76891 a composite number?
True
Is 80323 a prime number?
False
Is 111355 a prime number?
False
Is 65969 composite?
True
Is 371759 a prime number?
False
Is 1042 composite?
True
Is 890323 prime?
False
Is 76619 composite?
True
Is 1555969 composite?
False
Is 9643 a prime number?
True
Is 3989 a composite number?
False
Is 2747 a prime number?
False
Is 1055 a prime number?
False
Is 10671 a composite number?
True
Is 38491 prime?
False
Is 119389 a prime number?
True
Is 214151 prime?
False
Is 30903 composite?
True
Is 37483 composite?
False
Is 170327 a composite number?
False
Is 1227 a prime number?
False
Is 5638 a prime number?
False
Is 390791 prime?
True
Is 12433 composite?
False
Is 334 composite?
True
Is 343717 prime?
False
Is 195361 prime?
False
Is 100481 composite?
True
Is 4187 prime?
False
Is 448129 a prime number?
False
Is 24483 a prime number?
False
Is 66337 a composite number?
False
Is 150527 a composite number?
True
Is 1894 a composite number?
True
Is 51449 a prime number?
True
Is 40297 a composite number?
True
Is 4353 a composite number?
True
Is 1904393 a composite number?
True
Is 3089443 a composite number?
True
Is 433769 a composite number?
True
Is 831 a composite number?
True
Is 11149 composite?
False
Is 223387 prime?
False
Is 307 prime?
True
Is 8767 a composite number?
True
Is 23399 a prime number?
True
Is 27527 a composite number?
False
Is 8707 prime?
True
Is 1299145 prime?
False
Is 31519 a composite number?
True
Is 329699 prime?
False
Is 16319 prime?
True
Is 24251 prime?
True
Is 3935 prime?
False
Is 500693 a composite number?
False
Is 168617 a prime number?
True
Is 512569 a prime number?
True
Is 1041 a composite number?
True
Is 861433 a composite number?
False
Is 1946573 a composite number?
True
Is 79159 prime?
True
Is 30403 a prime number?
True
Is 33619 prime?
True
Is 6805 a prime number?
False
Is 115703 a composite number?
True
Is 1253 a prime number?
False
Is 1535 prime?
False
Is 83633 a composite number?
True
Is 28387 composite?
False
Is 634 prime?
False
Is 241291 prime?
True
Is 9977 prime?
False
Is 36913 prime?
True
Is 64591 a prime number?
True
Is 381093 prime?
False
Is 177511 prime?
True
Is 2779 prime?
False
Is 287171 a prime number?
False
Is 5963 a prime number?
False
Is 14923 a composite number?
False
Is 62533 a prime number?
True
Is 4441 a prime number?
True
Is 1657 a prime number?
True
Is 6907 a prime number?
True
Is 43151 prime?
True
Is 5435 prime?
False
Is 273857 a composite number?
False
Is 631 composite?
False
Is 158443 a prime number?
True
Is 349777 a composite number?
True
Is 763843 prime?
True
Is 1707 a composite number?
True
Is 41991 a prime number?
False
Is 82129 a composite number?
False
Is 16921 prime?
True
Is 865 prime?
False
Is 116239 prime?
True
Is 2615 prime?
False
Is 1716069 prime?
False
Is 73655 prime?
False
Is 212089 a composite number?
True
Is 10895 a prime number?
False
Is 3907 composite?
False
Is 45785 a composite number?
True
Is 17335 a composite number?
True
Is 10753 prime?
True
Is 5531 prime?
True
Is 29407 composite?
True
Is 17657 a composite number?
False
Is 38039 a composite number?
False
Is 24746 a prime number?
False
Is 19253 a prime number?
False
Is 48949 a prime number?
False
Is 9533 a prime number?
True
Is 38953 a composite number?
False
Is 18181 a composite number?
False
Is 17513 prime?
False
Is 1471 a prime number?
True
Is 115451 a prime number?
False
Is 7669 a composite number?
False
Is 19177 a prime number?
False
Is 24829 composite?
True
Is 1633 a composite number?
True
Is 367329 a composite number?
True
Is 495241 composite?
False
Is 362137 composite?
False
Is 3841477 composite?
True
Is 4754 a composite number?
True
Is 1889 prime?
True
Is 12563 composite?
True
Is 3669 composite?
True
Is 209881 a composite number?
True
Is 369107 composite?
True
Is 102773 prime?
False
Is 1677637 prime?
False
Is 331 a composite number?
False
Is 3755 prime?
False
Is 978753 a composite number?
True
Is 316121 composite?
True
Is 1188149 a composite number?
False
Is 1856263 a prime number?
False
Is 20158 composite?
True
Is 6803 prime?
True
Is 233 a composite number?
False
Is 13649 composite?
False
Is 581857 a composite number?
False
Is 438569 a prime number?
True
Is 4981 a prime number?
False
Is 94019 a composite number?
True
Is 51691 composite?
False
Is 19231 prime?
True
Is 1523 composite?
False
Is 47737 composite?
False
Is 21001 a prime number?
True
Is 25147 a prime number?
True
Is 117269 a prime number?
True
Is 8161 a composite number?
False
Is 4441 a composite number?
False
Is 1361 a prime number?
True
Is 95911 a composite number?
False
Is 28745 composite?
True
Is 94099 prime?
True
Is 10727 a prime number?
False
Is 23459 a composite number?
False
Is 40505 prime?
False
Is 563 composite?
False
Is 20245 a composite number?
True
Is 3259 composite?
False
Is 17323 a composite number?
True
Is 26627 a prime number?
True
Is 751 a composite number?
False
Is 183355 composite?
True
Is 58127 composite?
True
Is 809 a prime number?
True
Is 10715 